{"id":45,"date":"2018-03-08T07:12:58","date_gmt":"2018-03-08T07:12:58","guid":{"rendered":"http:\/\/lpmdgl.ch\/?page_id=45"},"modified":"2018-03-08T08:37:21","modified_gmt":"2018-03-08T08:37:21","slug":"qui-sommes-nous","status":"publish","type":"page","link":"https:\/\/lpmdgl.ch\/index.php\/qui-sommes-nous\/","title":{"rendered":"Qui sommes-nous ?"},"content":{"rendered":"<p style=\"text-align: center;\"><strong>LE SAVOIR-FAIRE<\/strong><\/p>\n<p style=\"text-align: center;\">En 1987, Patrick Udrisard int\u00e8gre la maison Kalbermatten, fond\u00e9e en 1975, en qualit\u00e9 de chauffeur-livreur. Il grimpe ensuite rapidement les \u00e9chelons pour devenir le responsable de cette soci\u00e9t\u00e9. Le 1er avril 2003, Patrick Udrisard reprend \u00e0 son compte l&rsquo;exploitation de la maison Kalbermatten qui, \u00e0 cette occasion, devient \u00abLa Petite Maison des Grands L\u00e9gumes\u00bb. L&rsquo;entreprise se compose aujourd&rsquo;hui d&rsquo;une \u00e9quipe de cinq personnes, fort exp\u00e9riment\u00e9es, offrant un service de grande qualit\u00e9.<\/p>\n<p style=\"text-align: center;\"><strong>LA QUALIT\u00c9<\/strong><\/p>\n<p style=\"text-align: center;\">Clients priv\u00e9s ou professionnels, vous trouverez chez nous des fruits et l\u00e9gumes de qualit\u00e9 de la r\u00e9gion mais aussi du monde entier avec un vaste choix de fruits exotiques. Nous travaillons avec de grandes maisons d\u2019importation reconnues pour la qualit\u00e9 de leurs fruits et l\u00e9gumes.<\/p>\n<p style=\"text-align: center;\"><strong>LA LIVRAISON PRO<\/strong><\/p>\n<p style=\"text-align: center;\">Cafetier\/restaurateur, grande entreprise, magasin, boutique, nous livrons vos commandes sur mesure. Rapidit\u00e9, flexibilit\u00e9, disponibilit\u00e9, contactez-nous pour d\u00e9finir vos besoins.<\/p>\n<p>&nbsp;<\/p>\n<p style=\"text-align: center;\"><strong><img loading=\"lazy\" decoding=\"async\" class=\"aligncenter wp-image-58 size-full\" src=\"http:\/\/lpmdgl.ch\/wp-content\/uploads\/2018\/03\/80336e7c92c94ff59010e93e111afc8b.jpg\" alt=\"\" width=\"1300\" height=\"597\" srcset=\"https:\/\/lpmdgl.ch\/wp-content\/uploads\/2018\/03\/80336e7c92c94ff59010e93e111afc8b.jpg 1300w, https:\/\/lpmdgl.ch\/wp-content\/uploads\/2018\/03\/80336e7c92c94ff59010e93e111afc8b-300x138.jpg 300w, https:\/\/lpmdgl.ch\/wp-content\/uploads\/2018\/03\/80336e7c92c94ff59010e93e111afc8b-768x353.jpg 768w, https:\/\/lpmdgl.ch\/wp-content\/uploads\/2018\/03\/80336e7c92c94ff59010e93e111afc8b-1024x470.jpg 1024w\" sizes=\"auto, (max-width: 1300px) 100vw, 1300px\" \/><\/strong><\/p>\n<p style=\"text-align: center;\">\n","protected":false},"excerpt":{"rendered":"<p>LE SAVOIR-FAIRE En 1987, Patrick Udrisard int\u00e8gre la maison Kalbermatten, fond\u00e9e en 1975, en qualit\u00e9 de chauffeur-livreur. Il grimpe ensuite rapidement les \u00e9chelons pour devenir le responsable de cette soci\u00e9t\u00e9. Le 1er avril 2003, Patrick Udrisard reprend \u00e0 son compte l&rsquo;exploitation de la maison Kalbermatten qui, \u00e0 cette occasion, devient \u00abLa Petite Maison des Grands<span class=\"read-more-wrap\"><a class=\"moretag\" href=\"https:\/\/lpmdgl.ch\/index.php\/qui-sommes-nous\/\">Lire la suite<span class=\"screen-reader-text\">Qui sommes-nous ?<\/span><\/a><\/span><\/p>\n","protected":false},"author":1,"featured_media":0,"parent":0,"menu_order":0,"comment_status":"closed","ping_status":"closed","template":"template-fullwidth-no-title.php","meta":{"footnotes":""},"class_list":["post-45","page","type-page","status-publish","hentry"],"_links":{"self":[{"href":"https:\/\/lpmdgl.ch\/index.php\/wp-json\/wp\/v2\/pages\/45","targetHints":{"allow":["GET"]}}],"collection":[{"href":"https:\/\/lpmdgl.ch\/index.php\/wp-json\/wp\/v2\/pages"}],"about":[{"href":"https:\/\/lpmdgl.ch\/index.php\/wp-json\/wp\/v2\/types\/page"}],"author":[{"embeddable":true,"href":"https:\/\/lpmdgl.ch\/index.php\/wp-json\/wp\/v2\/users\/1"}],"replies":[{"embeddable":true,"href":"https:\/\/lpmdgl.ch\/index.php\/wp-json\/wp\/v2\/comments?post=45"}],"version-history":[{"count":4,"href":"https:\/\/lpmdgl.ch\/index.php\/wp-json\/wp\/v2\/pages\/45\/revisions"}],"predecessor-version":[{"id":69,"href":"https:\/\/lpmdgl.ch\/index.php\/wp-json\/wp\/v2\/pages\/45\/revisions\/69"}],"wp:attachment":[{"href":"https:\/\/lpmdgl.ch\/index.php\/wp-json\/wp\/v2\/media?parent=45"}],"curies":[{"name":"wp","href":"https:\/\/api.w.org\/{rel}","templated":true}]}}

<p style="text-align: center;"><strong>LE SAVOIR-FAIRE</strong></p>
<p style="text-align: center;">En 1987, Patrick Udrisard intègre la maison Kalbermatten, fondée en 1975, en qualité de chauffeur-livreur. Il grimpe ensuite rapidement les échelons pour devenir le responsable de cette société. Le 1er avril 2003, Patrick Udrisard reprend à son compte l&rsquo;exploitation de la maison Kalbermatten qui, à cette occasion, devient «La Petite Maison des Grands Légumes». L&rsquo;entreprise se compose aujourd&rsquo;hui d&rsquo;une équipe de cinq personnes, fort expérimentées, offrant un service de grande qualité.</p>
<p style="text-align: center;"><strong>LA QUALITÉ</strong></p>
<p style="text-align: center;">Clients privés ou professionnels, vous trouverez chez nous des fruits et légumes de qualité de la région mais aussi du monde entier avec un vaste choix de fruits exotiques. Nous travaillons avec de grandes maisons d’importation reconnues pour la qualité de leurs fruits et légumes.</p>
<p style="text-align: center;"><strong>LA LIVRAISON PRO</strong></p>
<p style="text-align: center;">Cafetier/restaurateur, grande entreprise, magasin, boutique, nous livrons vos commandes sur mesure. Rapidité, flexibilité, disponibilité, contactez-nous pour définir vos besoins.</p>
<p>&nbsp;</p>
<p style="text-align: center;"><strong><img loading="lazy" decoding="async" class="aligncenter wp-image-58 size-full" src="http://lpmdgl.ch/wp-content/uploads/2018/03/80336e7c92c94ff59010e93e111afc8b.jpg" alt="" width="1300" height="597" srcset="https://lpmdgl.ch/wp-content/uploads/2018/03/80336e7c92c94ff59010e93e111afc8b.jpg 1300w, https://lpmdgl.ch/wp-content/uploads/2018/03/80336e7c92c94ff59010e93e111afc8b-300x138.jpg 300w, https://lpmdgl.ch/wp-content/uploads/2018/03/80336e7c92c94ff59010e93e111afc8b-768x353.jpg 768w, https://lpmdgl.ch/wp-content/uploads/2018/03/80336e7c92c94ff59010e93e111afc8b-1024x470.jpg 1024w" sizes="auto, (max-width: 1300px) 100vw, 1300px" /></strong></p>
<p style="text-align: center;">

<p>LE SAVOIR-FAIRE En 1987, Patrick Udrisard intègre la maison Kalbermatten, fondée en 1975, en qualité de chauffeur-livreur. Il grimpe ensuite rapidement les échelons pour devenir le responsable de cette société. Le 1er avril 2003, Patrick Udrisard reprend à son compte l&rsquo;exploitation de la maison Kalbermatten qui, à cette occasion, devient «La Petite Maison des Grands<span class="read-more-wrap"><a class="moretag" href="https://lpmdgl.ch/index.php/qui-sommes-nous/">Lire la suite<span class="screen-reader-text">Qui sommes-nous ?</span></a></span></p>
